ed by 128?
30
What is the remainder when 764 is divided by 70?
64
Calculate the remainder when 2097 is divided by 150.
147
What is the remainder when 2281 is divided by 750?
31
Calculate the remainder when 2027 is divided by 281.
60
What is the remainder when 1524 is divided by 137?
17
Calculate the remainder when 19 is divided by 9.
1
What is the remainder when 1421 is divided by 16?
13
What is the remainder when 5919 is divided by 20?
19
Calculate the remainder when 268 is divided by 133.
2
What is the remainder when 244 is divided by 235?
9
Calculate the remainder when 2934 is divided by 13.
9
What is the remainder when 42 is divided by 8?
2
Calculate the remainder when 378 is divided by 48.
42
What is the remainder when 42 is divided by 10?
2
Calculate the remainder when 108 is divided by 49.
10
Calculate the remainder when 1208 is divided by 173.
170
Calculate the remainder when 357 is divided by 90.
87
What is the remainder when 85 is divided by 82?
3
Calculate the remainder when 185 is divided by 82.
21
What is the remainder when 2775 is divided by 116?
107
What is the remainder when 93 is divided by 15?
3
What is the remainder when 358 is divided by 54?
34
Calculate the remainder when 233 is divided by 60.
53
What is the remainder when 334 is divided by 26?
22
Calculate the remainder when 244 is divided by 50.
44
What is the remainder when 25 is divided by 9?
7
Calculate the remainder when 550 is divided by 110.
0
Calculate the remainder when 2777 is divided by 26.
21
What is the remainder when 1801 is divided by 42?
37
What is the remainder when 3202 is divided by 1062?
16
What is the remainder when 817 is divided by 30?
7
Calculate the remainder when 1204 is divided by 17.
14
What is the remainder when 2141 is divided by 52?
9
What is the remainder when 363 is divided by 14?
13
What is the remainder when 366 is divided by 37?
33
Calculate the remainder when 4114 is divided by 585.
19
What is the remainder when 454 is divided by 38?
36
Calculate the remainder when 159 is divided by 9.
6
Calculate the remainder when 1264 is divided by 311.
20
Calculate the remainder when 216 is divided by 143.
73
What is the remainder when 159 is divided by 14?
5
Calculate the remainder when 172 is divided by 39.
16
Calculate the remainder when 189 is divided by 4.
1
Calculate the remainder when 329 is divided by 85.
74
What is the remainder when 1230 is divided by 9?
6
Calculate the remainder when 1169 is divided by 13.
12
Calculate the remainder when 341 is divided by 69.
65
What is the remainder when 1363 is divided by 124?
123
Calculate the remainder when 374 is divided by 32.
22
Calculate the remainder when 5 is divided by 5.
0
Calculate the remainder when 4509 is divided by 2.
1
What is the remainder when 605 is divided by 105?
80
Calculate the remainder when 66 is divided by 23.
20
Calculate the remainder when 238 is divided by 15.
13
What is the remainder when 227 is divided by 37?
5
What is the remainder when 434 is divided by 111?
101
Calculate the remainder when 1059 is divided by 14.
9
What is the remainder when 240 is divided by 19?
12
Calculate the remainder when 904 is divided by 249.
157
What is the remainder when 1853 is divided by 62?
55
Calculate the remainder when 16332 is divided by 5444.
0
What is the remainder when 6500 is divided by 42?
32
What is the remainder when 711 is divided by 7?
4
Calculate the remainder when 32 is divided by 14.
4
Calculate the remainder when 351 is divided by 71.
67
What is the remainder when 582 is divided by 146?
144
Calculate the remainder when 1858 is divided by 31.
29
Calculate the remainder when 450 is divided by 223.
4
Calculate the remainder when 10217 is divided by 19.
14
Calculate the remainder when 236 is divided by 35.
26
Calculate the remainder when 19 is divided by 4.
3
Calculate the remainder when 8071 is divided by 9.
7
What is the remainder when 524 is divided by 33?
29
Calculate the remainder when 161 is divided by 57.
47
What is the remainder when 227 is divided by 47?
39
Calculate the remainder when 41 is divided by 9.
5
What is the remainder when 58 is divided by 6?
4
What is the remainder when 393 is divided by 67?
58
What is the remainder when 71 is divided by 27?
17
Calculate the remainder when 1671 is divided by 831.
9
Calculate the remainder when 331 is divided by 60.
31
Calculate the remainder when 73 is divided by 37.
36
Calculate the remainder when 1079 is divided by 219.
203
What is the remainder when 768 is divided by 77?
75
What is the remainder when 150 is divided by 11?
7
What is the remainder when 312 is divided by 98?
18
Calculate the remainder when 6694 is divided by 17.
13
What is the remainder when 86 is divided by 75?
11
What is the remainder when 942 is divided by 45?
42
What is the remainder when 95 is divided by 4?
3
What is the remainder when 56 is divided by 5?
1
What is the remainder when 3696 is divided by 86?
84
Calculate the remainder when 96 is divided by 23.
4
What is the remainder when 556 is divided by 13?
10
Calculate the remainder when 837 is divided by 84.
81
Calculate the remainder when 616 is divided by 220.
176
What is the remainder when 657 is divided by 11?
8
What is the remainder when 2832 is divided by 105?
102
What is the remainder when 160 is divided by 116?
44
What is the remainder when 64 is divided by 15?
4
Calculate the remainder when 49 is divided by 11.
5
Calculate the remainder when 111 is divided by 37.
0
What is the remainder when 271 is divided by 16?
15
Calculate the remainder when 94 is divided by 48.
46
Calculate the remainder when 40 is divided by 17.
6
Calculate the remainder when 657 is divided by 165.
162
What is the remainder when 1645 is divided by 240?
205
What is the remainder when 383 is divided by 64?
63
Calculate the remainder when 14048 is divided by 12.
8
Calculate the remainder when 148 is divided by 72.
4
What is the remainder when 2419 is divided by 121?
120
Calculate the remainder when 456 is divided by 54.
24
What is the remainder when 276 is divided by 22?
12
What is the remainder when 4 is divided by 1?
0
Calculate the remainder when 1039 is divided by 292.
163
Calculate the remainder when 1532 is divided by 137.
25
Calculate the remainder when 933 is divided by 203.
121
What is the remainder when 135 is divided by 61?
13
What is the remainder when 6582 is divided by 2179?
45
What is the remainder when 20114 is divided by 149?
148
What is the remainder when 850 is divided by 212?
2
What is the remainder when 501 is divided by 164?
9
What is the remainder when 87 is divided by 20?
7
What is the remainder when 320 is divided by 295?
25
Calculate the remainder when 2109 is divided by 73.
65
What is the remainder when 431 is divided by 214?
3
Calculate the remainder when 34 is divided by 20.
14
What is the remainder when 2067 is divided by 46?
43
What is the remainder when 86 is divided by 41?
4
What is the remainder when 469 is divided by 94?
93
What is the remainder when 455 is divided by 12?
11
What is the remainder when 350 is divided by 22?
20
Calculate the remainder when 477 is divided by 21.
15
What is the remainder when 549 is divided by 92?
89
Calculate the remainder when 60 is divided by 31.
29
Calculate the remainder when 106 is divided by 36.
34
Calculate the remainder when 534 is divided by 285.
249
What is the remainder when 1608 is divided by 90?
78
Calculate the remainder when 392 is divided by 4.
0
What is the remainder when 10211 is divided by 111?
110
What is the remainder when 778 is divided by 30?
28
What is the remainder when 118 is divided by 21?
13
Calculate the remainder when 1209 is divided by 356.
141
What is the remainder when 127 is divided by 62?
3
Calculate the remainder when 293 is divided by 17.
4
What is the remainder when 459 is divided by 20?
19
Calculate the remainder when 202 is divided by 35.
27
Calculate the remainder when 93 is divided by 47.
46
What is the remainder when 624 is divided by 605?
19
Calculate the remainder when 988 is divided by 55.
53
What is the remainder when 275 is divided by 46?
45
What is the remainder when 149 is divided by 120?
29
Calculate the remainder when 87 is divided by 10.
7
Calculate the remainder when 4013 is divided by 13.
9
Calcula